95 and 219991.
179
What is the greatest common factor of 21398 and 208?
26
Calculate the greatest common factor of 165 and 12685.
5
Calculate the greatest common factor of 150 and 4458.
6
What is the highest common factor of 60106 and 656?
82
What is the highest common divisor of 30936 and 40?
8
Calculate the highest common factor of 205 and 45.
5
What is the highest common divisor of 25670688 and 24?
24
What is the highest common factor of 450 and 257350?
50
Calculate the greatest common divisor of 448 and 6286.
14
What is the highest common factor of 156574 and 1694?
242
Calculate the highest common factor of 8455 and 5429.
89
What is the highest common factor of 120399 and 37587?
201
What is the highest common divisor of 606 and 16446?
6
What is the greatest common factor of 15456 and 38976?
672
Calculate the greatest common factor of 147 and 20419.
7
What is the greatest common divisor of 16 and 93584?
16
What is the greatest common divisor of 340 and 194140?
340
What is the greatest common factor of 14982 and 1135?
227
What is the greatest common divisor of 124 and 21266?
62
Calculate the highest common factor of 96 and 42852.
12
Calculate the greatest common factor of 550 and 3894.
22
Calculate the greatest common factor of 10452 and 156.
156
Calculate the highest common factor of 812715 and 240.
15
What is the highest common divisor of 304 and 308332?
76
Calculate the greatest common divisor of 6601 and 112.
7
What is the greatest common divisor of 406756 and 1592?
796
What is the highest common divisor of 280 and 17200?
40
What is the greatest common factor of 366 and 562542?
366
Calculate the greatest common factor of 56 and 3164.
28
Calculate the highest common factor of 1444833 and 26.
13
What is the greatest common divisor of 83 and 1057337?
83
What is the highest common factor of 42 and 123256?
14
Calculate the greatest common factor of 19995 and 252960.
465
Calculate the greatest common divisor of 61466 and 219.
73
Calculate the greatest common divisor of 52 and 571636.
52
What is the highest common factor of 2 and 361742?
2
What is the greatest common factor of 1321 and 5?
1
What is the highest common divisor of 357 and 778736?
119
What is the highest common divisor of 5194 and 702674?
742
Calculate the greatest common divisor of 713821 and 113.
113
Calculate the highest common factor of 12677 and 91.
7
Calculate the greatest common divisor of 15760 and 64.
16
Calculate the highest common divisor of 656 and 1696.
16
Calculate the highest common divisor of 1086 and 1068443.
181
Calculate the highest common divisor of 13 and 335309.
13
Calculate the highest common factor of 215559 and 12811.
557
What is the highest common factor of 15128 and 12017?
61
Calculate the highest common factor of 3504 and 57.
3
What is the greatest common factor of 410553 and 286?
143
What is the highest common factor of 77233 and 507?
169
What is the greatest common factor of 6118260 and 535?
535
What is the greatest common factor of 1110 and 1386945?
555
What is the greatest common factor of 2695 and 364903?
539
What is the highest common divisor of 699 and 9320?
233
Calculate the highest common divisor of 240671 and 772.
193
What is the highest common factor of 600 and 12450?
150
Calculate the highest common factor of 44 and 6578.
22
What is the highest common factor of 411660 and 360?
180
Calculate the greatest common divisor of 22784 and 88.
8
What is the greatest common factor of 116 and 538124?
116
What is the highest common factor of 43 and 628402?
43
What is the greatest common divisor of 1593 and 132750?
531
What is the highest common factor of 3072 and 5472?
96
What is the highest common factor of 48 and 14800?
16
Calculate the highest common divisor of 70844 and 6764.
356
What is the highest common factor of 343 and 182?
7
What is the greatest common divisor of 108429 and 423?
141
Calculate the greatest common factor of 175 and 249625.
25
Calculate the highest common divisor of 24096 and 672.
96
Calculate the highest common factor of 2432 and 5092.
76
What is the highest common divisor of 94 and 205578?
94
Calculate the greatest common factor of 11 and 618387.
11
Calculate the greatest common divisor of 117 and 47781.
9
What is the greatest common factor of 886 and 786325?
443
What is the greatest common factor of 595 and 34051?
17
What is the greatest common factor of 216864 and 72?
72
What is the greatest common factor of 14661 and 408879?
1629
Calculate the highest common divisor of 4950 and 15255.
45
Calculate the highest common factor of 12747 and 21.
21
What is the greatest common divisor of 5957 and 5704?
23
Calculate the greatest common factor of 1080 and 2520.
360
What is the greatest common divisor of 167530 and 220?
110
Calculate the highest common divisor of 2124 and 2718.
18
What is the greatest common factor of 78625 and 48433?
629
Calculate the greatest common factor of 119978 and 1004.
502
What is the greatest common divisor of 6099 and 741?
57
What is the greatest common factor of 126 and 200808?
18
What is the highest common factor of 2 and 5019?
1
What is the greatest common factor of 22 and 254287?
11
Calculate the highest common factor of 26579 and 7.
7
Calculate the highest common divisor of 1246 and 3410124.
178
Calculate the highest common divisor of 3321 and 46818.
81
Calculate the highest common divisor of 7122 and 123.
3
Calculate the greatest common divisor of 3765 and 225.
15
What is the greatest common divisor of 651 and 2023?
7
What is the highest common divisor of 40 and 5628460?
20
Calculate the highest common divisor of 9090 and 69.
3
What is the highest common factor of 20882 and 8374?
106
What is the greatest common divisor of 5278 and 59276?
406
What is the greatest common divisor of 3997889 and 3957?
1319
Calculate the highest common divisor of 27113 and 76.
19
Calculate the highest common divisor of 1254 and 902.
22
Calculate the highest common divisor of 82251 and 2717.
247
What is the highest common factor of 362 and 148058?
362
What is the highest common divisor of 5282 and 2502?
278
What is the highest common factor of 1192 and 75990?
298
What is the greatest common factor of 672 and 18690?
42
What is the highest common divisor of 6800913 and 63?
63
Calculate the greatest common factor of 147396 and 172308.
2076
Calculate the greatest common divisor of 142968 and 17848.
184
What is the highest common factor of 31482 and 19206?
198
What is the greatest common factor of 15500 and 93?
31
Calculate the highest common divisor of 959 and 1311638.
137
What is the greatest common factor of 62364 and 108?
12
Calculate the highest common divisor of 1405 and 465.
5
Calculate the highest common divisor of 195 and 42965.
65
Calculate the greatest common factor of 48612 and 12.
12
What is the highest common factor of 62 and 148800?
62
What is the highest common factor of 32250 and 162750?
750
Calculate the greatest common factor of 820 and 67568.
164
What is the greatest common divisor of 1847178 and 9954?
1422
Calculate the highest common factor of 3675 and 4050.
75
What is the highest common divisor of 4290 and 176748?
858
Calculate the highest common divisor of 211840 and 40.
40
What is the greatest common factor of 1485 and 15235?
55
Calculate the greatest common factor of 64 and 554272.
32
Calculate the greatest common divisor of 468 and 1133496.
468
Calculate the highest common divisor of 19456 and 4636.
76
Calculate the greatest common divisor of 1495908 and 513.
513
Calculate the greatest common factor of 259 and 167573.
259
Calculate the greatest common factor of 9454 and 1856.
58
Calculate the greatest common factor of 169 and 1989.
13
What is the highest common divisor of 809 and 122159?
809
Calculate the highest common factor of 432 and 131424.
48
Calculate the greatest common factor of 12074053 and 211.
211
Calculate the greatest common factor of 102 and 149583.
51
What is the greatest common divisor of 3956 and 11017?
23
What is the greatest common factor of 1412229 and 273?
273
Calculate the highest common divisor of 170102 and 306.
34
Calculate the greatest common divisor of 144 and 91269.
9
Calculate the greatest common divisor of 6 and 8757.
3
Calculate the greatest common divisor of 1447722